t is -105dd721 - 0?
-105dd721
In base 3, what is -22121 - -200000012102?
122222212211
In base 13, what is -25 - 238679?
-2386a1
In base 11, what is 7352788 + -4?
7352784
In base 6, what is 1310540 - 32131?
1234405
In base 12, what is 432784 + -5?
43277b
In base 11, what is 4958330 + -7?
4958324
In base 15, what is -182 - -164ca?
16348
In base 11, what is 8188 - 16442?
-9265
In base 13, what is -5 + 11a024?
11a01c
In base 13, what is -14 + 1b6bb?
1b6a7
In base 9, what is 67 + -443262?
-443184
In base 6, what is 0 - -103115422?
103115422
In base 12, what is 264 - 5b34?
-5890
In base 6, what is -35110202 - 22?
-35110224
In base 7, what is -4 - -163256613?
163256606
In base 12, what is -6a + -1416657?
-1416705
In base 16, what is -33 + -23053?
-23086
In base 13, what is -208 + -1374c7?
-137702
In base 15, what is 5c - 8701ce?
-870172
In base 10, what is 6935658 - 51?
6935607
In base 5, what is 202311041242 - -4?
202311041301
In base 2, what is -110100011001100000 + -1001001110110?
-110101100011010110
In base 13, what is 253 + 154?
3a7
In base 3, what is -1000210121102 + 11?
-1000210121021
In base 14, what is -32 + -35d15?
-35d47
In base 16, what is 309 + -bc0f?
-b906
In base 10, what is 809 - 1374?
-565
In base 4, what is 3 + -30232212100?
-30232212031
In base 5, what is -3142314 + 1042?
-3141222
In base 9, what is 54 - -8075584?
8075648
In base 11, what is -173 - 42195?
-42358
In base 15, what is -3a9 - -101a94?
1016da
In base 4, what is -30303 + -2003031?
-2100000
In base 9, what is -2 - 236274638?
-236274641
In base 13, what is 6 + -100a06?
-100a00
In base 6, what is -1232101 - -13441?
-1214220
In base 13, what is 3a776 + -53b?
3a238
In base 5, what is 1443002 + 132?
1443134
In base 14, what is 65562c - 4?
655628
In base 3, what is 21121011201102 - 110?
21121011200222
In base 8, what is 262 + 46571?
47053
In base 4, what is 20230 + -101223?
-20333
In base 16, what is -aef9 + 5ff?
-a8fa
In base 12, what is -12 - 53b647?
-53b659
In base 14, what is 1301a9 - 4da?
12daad
In base 16, what is -7 - -f98be41?
f98be3a
In base 15, what is 103e - -4b5?
1504
In base 9, what is 28 - -4775813?
4775842
In base 2, what is -110101100 + -10111011010?
-11110000110
In base 2, what is 10100101101111110 + 111011011?
10100110101011001
In base 16, what is -6ae7 - -2ce?
-6819
In base 4, what is -11022310122 - 11?
-11022310133
In base 3, what is 110111100221222 + 10?
110111100222002
In base 14, what is 5 + 334989?
334990
In base 14, what is -65ab82 + -1?
-65ab83
In base 3, what is -12 + 11222200120002?
11222200112220
In base 5, what is -142300 + 21220?
-121030
In base 3, what is -10102200010111 + -120220?
-10102200201101
In base 9, what is 75012 + 244?
75256
In base 12, what is 26 + 579a62?
579a88
In base 10, what is 1471 - 57117?
-55646
In base 5, what is 1344 - 102223?
-100324
In base 15, what is -117 + -228e4?
-22a0b
In base 16, what is -497 - -5a2a?
5593
In base 8, what is -11707 - -221?
-11466
In base 6, what is 31315 - 140055?
-104340
In base 4, what is 112220 - 22332?
23222
In base 11, what is -30240 - -152?
-30099
In base 12, what is a5b9 - 1811?
89a8
In base 6, what is 5 - 2454012322?
-2454012313
In base 5, what is 1113 + -120032?
-113414
In base 16, what is -7a9d69e - 0?
-7a9d69e
In base 10, what is -140301 + -40?
-140341
In base 15, what is -a67b + -1570?
-bbeb
In base 14, what is 42a + 4876a?
48b96
In base 7, what is -3 + -5210666055?
-5210666061
In base 13, what is -3 + 48206b?
482068
In base 6, what is -4433214 + 13121?
-4420053
In base 8, what is -236001167 - -54?
-236001113
In base 16, what is 6756 - 494?
62c2
In base 7, what is 16 - 135264233?
-135264214
In base 5, what is 2 + 14211014014?
14211014021
In base 10, what is 4481 + -733?
3748
In base 12, what is 15 + 90a51b?
90a534
In base 5, what is 0 + 44321240?
44321240
In base 14, what is -6 - 951b6?
-951bc
In base 11, what is -214725 + 72?
-214663
In base 14, what is 3 - 43b9a28?
-43b9a25
In base 7, what is -10 + 3432363?
3432353
In base 16, what is -1d63356 + -9?
-1d6335f
In base 6, what is 104021 + 3325?
111350
In base 12, what is 111902b4 + -1?
111902b3
In base 12, what is -6795b49 - -11?
-6795b38
In base 6, what is -24421 - -4432?
-15545
In base 12, what is -2559 - 5366?
-7903
In base 12, what is -34674 + -3313?
-37987
In base 13, what is 492a1ba + 1?
492a1bb
In base 7, what is 1154114 - -2413?
1156530
In base 13, what is 417 + -4a583?
-4a169
In base 16, what is 3 + -31b651?
-31b64e
In base 3, what is -10212112222212 + 0?
-10212112222212
In base 9, what is -128340 - -302?
-128037
In base 4, what is -210121333231 + -121?
-210122000012
In base 6, what is -30443201 - 13?
-30443214
In base 12, what is 2 + 5a487850?
5a487852
In base 4, what is 2132013 - -11131?
2203210
In base 11, what is 116a51a00 + -2?
116a519a9
In base 16, what is -24 + 44dbde?
44dbba
In base 10, what is -379200 - 1013?
-380213
In base 16, what is ab02 + -382?
a780
In base 3, what is 1000022022022 + -12221?
1000022002101
In base 12, what is 15703b4 - 1?
15703b3
In base 3, what is 121010100 - 22212?
120210111
In base 9, what is -204342613 - 4?
-204342617
In base 13, what is 368 - -3823?
3b8b
In base 10, what is 91453577 - -2?
91453579
In base 11, what is -123196a - -86?
-1231894
In base 12, what is -11245798 - 3?
-1124579b
In base 7, what is -154062166 + 4?
-154062162
In base 4, what is 11013133321 + -3?
11013133312
In base 8, what is -57 + 2302737?
2302660
In base 15, what is -42466e - -3?
-42466b
In base 14, what is 4 + -7aa498?
-7aa494
In base 12, what is -3479b65 + -5?
-3479b6a
In base 6, what is 301420102 - -4?
301420110
In base 13, what is 13789 - -5b4?
14070
In base 12, what is -47b2263 - -5?
-47b225a
In base 12, what is 46a7 + 55b?
5046
In base 13, what is 27a4760 - 4?
27a4759
In base 11, what is 26 + 18aa72?
18aa98
In base 16, what is 3 - -c2451cc?
c2451cf
In base 4, what is -10 + -22001333020031?
-22001333020101
In base 16, what is 456 - 5bf2?
-579c
In base 16, what is e7 - ccc?
-be5
In base 9, what is -17 + -188110837?
-188110855
In base 16, what is 25e4 + -4793?
-21af
In base 7, what is -1202144 + 0?
-1202144
In base 3, what is -120200012222211 + -1101?
-120200020001012
In base 7, what is 30652 - -26361?
60343
In base 2, what is 10100010 - -1100101101001100000?
1100101101100000010
In base 12, what is -1 - 77350?
-77351
In base 2, what is 1101011000011101110100 - 1?
1101011000011101110011
In base 12, what is 13ba - 2aa1?
-16a3
In base 11, what is 19 + 276a970?
276a989
In base 2, what is -10001110000101100 + 1011000001011?
-10000011000100001
In base 8, what is 7663 - 6762?
701
In base 6, what is -552114 + 1352?
-550322
In base 5, what is -433420211 + -10?
-433420221
In base 9, what is 25055756 - -12?
25055768
In base 15, what is -ae9e8b8 - -3?
-ae9e8b5
In base 13, what is -265 + 618b9?
61654
In base 12, what is -4 - -628a6b?
628a67
In base 4, what is 110212013222102 + -2?
110212013222100
In base 12, what is 469 + -11916?
-11469
In base 5, what is -30203020441 - 101?
-30203021042
In base 14, what is 12a90db + -4?
12a90d7
In base 8, what is 1 + 3366242?
3366243
In base 11, what is 189575 + 167?
189731
In base 10, what is 2042 + -23384?
-21342
In base 7, what is 1 + 3154601652?
3154601653
In base 12, what is -9 + -1497a3?
-1497b0
In base 11, what is 19 - -1021099?
1021107
In base 6, what is 4 - 40324355?
-40324351
In base 10, what is -125 + 975397?
975272
In base 12, what is -3 - -3808431?
380842a
In base 10, what is 285809 + 38?
285847
In base 12, what is 12063 + a8a?
12b31
In base 6, what is -2100 + 25232105?
25230005
In base 7, what is 25 - 15360202?
-15360144
In base 7, what is -6105 - 336165?
-345303
In base 12, what is -15 + 22a95?
22a80
In base 7, what is 4262641 + -2065?
4260543
In base 16, what is -2 - 5af944b?
-5af944d
In base 6, what is 13303 + -2521?
10342
In base 3, what is -2220121212 + -10?
-2220121222
In base 7, what is -1352314 - 223?
-1352540
In base 3, what is 12 - -1201220021012?
1201220021101
In base 15, what is 904e - -4dd8?
de37
In base 8, what is -22321 + -7666?
-32207
In base 7, what is 22 - 21536054?
-21536032
In base 3, what is -11 + 1120100220000?
1120100212212
In base 7, what is 400 + -1523066?
-1522366
In base 13, what is 264 + 8a0c8?
8a35c
In base 10, what is -206538 - -3368?
-203170
In base 